8.
206
Calculate the greatest common divisor of 526060 and 870.
290
What is the highest common factor of 474 and 1621554?
474
What is the highest common divisor of 113 and 638563?
113
What is the greatest common factor of 679 and 140747?
97
Calculate the greatest common factor of 966841 and 17.
17
What is the greatest common factor of 250752 and 408?
24
What is the highest common factor of 71747 and 26?
13
Calculate the greatest common divisor of 38829 and 84.
21
Calculate the highest common factor of 2620437 and 402.
201
What is the greatest common factor of 2617500 and 10?
10
Calculate the greatest common divisor of 76 and 307686.
38
Calculate the highest common divisor of 239703 and 6.
3
What is the greatest common factor of 404685 and 16422?
1173
What is the highest common divisor of 1186457 and 206?
103
Calculate the highest common divisor of 161 and 14927.
23
What is the greatest common factor of 1151084 and 44?
44
What is the greatest common factor of 2232 and 6318?
18
Calculate the greatest common divisor of 1591 and 129.
43
What is the highest common divisor of 17812 and 20?
4
What is the greatest common factor of 2649 and 5281223?
883
Calculate the greatest common divisor of 61775 and 13125.
175
What is the greatest common factor of 4303381 and 213?
71
Calculate the greatest common divisor of 194936 and 7.
7
What is the greatest common divisor of 711422 and 118?
118
Calculate the greatest common divisor of 64476 and 3240.
324
Calculate the highest common factor of 3105 and 1955.
115
What is the highest common divisor of 33 and 38379?
33
What is the greatest common divisor of 31951 and 979?
89
What is the highest common divisor of 56 and 162608?
8
What is the greatest common divisor of 133331 and 119?
17
Calculate the greatest common divisor of 6025 and 170.
5
What is the highest common factor of 2274 and 2?
2
What is the highest common divisor of 12 and 92172?
12
What is the greatest common divisor of 2219 and 1294311?
317
Calculate the highest common factor of 2812 and 7548.
148
Calculate the greatest common divisor of 73069 and 267.
89
What is the highest common factor of 2672 and 28390?
334
What is the greatest common factor of 319728 and 64?
16
Calculate the greatest common divisor of 148 and 304.
4
Calculate the highest common factor of 7110 and 8010.
90
What is the highest common divisor of 2775354 and 498?
498
Calculate the highest common divisor of 27112 and 8.
8
Calculate the greatest common divisor of 88840 and 10.
10
What is the greatest common divisor of 206 and 5938671?
103
Calculate the greatest common divisor of 78188 and 88.
44
Calculate the highest common factor of 81 and 48033.
81
What is the highest common factor of 95 and 1945?
5
Calculate the greatest common factor of 19984 and 46.
2
What is the highest common factor of 6702552 and 254?
254
Calculate the greatest common factor of 3924850 and 75.
25
Calculate the highest common divisor of 5712 and 196.
28
What is the highest common factor of 96 and 2846208?
96
What is the highest common divisor of 1100411 and 235?
47
What is the highest common factor of 1136336 and 3224?
248
Calculate the highest common divisor of 384 and 22608.
48
Calculate the highest common factor of 1802 and 15572.
34
What is the highest common factor of 78 and 22490?
26
What is the greatest common divisor of 404 and 72922?
202
Calculate the highest common divisor of 933660 and 455.
455
What is the greatest common divisor of 201 and 44153?
67
Calculate the highest common divisor of 438336 and 234.
18
What is the greatest common divisor of 43981 and 4697?
427
What is the greatest common divisor of 25338 and 9758?
82
Calculate the greatest common factor of 240 and 232720.
80
Calculate the highest common factor of 7636844 and 3512.
1756
What is the greatest common divisor of 23 and 2438?
23
Calculate the greatest common divisor of 1413 and 276.
3
Calculate the highest common factor of 26390 and 117131.
203
Calculate the highest common divisor of 27 and 267327.
27
Calculate the highest common factor of 34357 and 153.
17
What is the greatest common divisor of 46217 and 1469?
113
Calculate the greatest common factor of 1035 and 190647.
207
Calculate the highest common factor of 251 and 799184.
251
What is the highest common factor of 610304 and 298?
298
Calculate the greatest common divisor of 18440 and 120.
40
What is the highest common factor of 140 and 10480?
20
Calculate the highest common divisor of 93009 and 231.
21
What is the highest common divisor of 136 and 11968?
136
What is the highest common factor of 378 and 12546?
18
Calculate the greatest common divisor of 90 and 19770.
30
What is the greatest common divisor of 150 and 694650?
150
What is the highest common factor of 494 and 28918?
38
Calculate the greatest common divisor of 22 and 26686.
22
Calculate the highest common divisor of 25256 and 4774.
154
What is the highest common factor of 1052256 and 7566?
582
What is the greatest common divisor of 32 and 40864?
32
Calculate the highest common factor of 366468 and 36.
12
Calculate the highest common divisor of 12915 and 1640.
205
Calculate the greatest common divisor of 34 and 18634142.
34
What is the greatest common divisor of 44958 and 472?
118
Calculate the highest common divisor of 948666 and 1419.
129
What is the highest common factor of 343295 and 5?
5
Calculate the highest common divisor of 13520 and 144833.
169
What is the greatest common factor of 92420 and 20?
20
Calculate the highest common divisor of 25948 and 1898.
26
Calculate the greatest common factor of 115121 and 292.
73
What is the greatest common factor of 1296 and 64?
16
Calculate the highest common divisor of 317 and 19493281.
317
What is the highest common factor of 7444640 and 3864?
1288
What is the highest common factor of 103024 and 36848?
752
Calculate the highest common factor of 99 and 737.
11
Calculate the greatest common factor of 3200 and 62848.
128
What is the greatest common divisor of 1449407 and 1262?
631
What is the highest common divisor of 504 and 28504?
56
What is the greatest common factor of 18592 and 3569?
83
What is the greatest common divisor of 108 and 285084?
36
Calculate the greatest common divisor of 55 and 355861.
11
Calculate the greatest common divisor of 734 and 2990683.
367
Calculate the greatest common factor of 84213 and 108.
27
What is the highest common factor of 1685 and 265?
5
Calculate the highest common factor of 648 and 144747.
81
Calculate the highest common divisor of 1414514 and 978.
326
Calculate the highest common divisor of 258095 and 410.
205
Calculate the greatest common divisor of 22882 and 655502.
1346
Calculate the greatest common factor of 140116 and 184.
92
Calculate the highest common factor of 21010 and 550.
110
What is the greatest common factor of 4 and 1733?
1
What is the greatest common divisor of 149446 and 22?
22
What is the highest common factor of 3567 and 2091?
123
Calculate the greatest common divisor of 1227168 and 864.
288
What is the highest common factor of 5688 and 927?
9
Calculate the greatest common factor of 473733 and 234.
117
What is the greatest common factor of 208 and 7865?
13
Calculate the highest common factor of 41 and 22304.
41
Calculate the highest common divisor of 386112 and 192.
192
Calculate the greatest common divisor of 3520 and 8536.
88
What is the greatest common factor of 1125 and 57825?
225
What is the highest common divisor of 53 and 18179?
53
Calculate the greatest common divisor of 351 and 1749774.
39
What is the highest common factor of 66941 and 393?
131
What is the greatest common factor of 272 and 2771?
17
What is the greatest common factor of 136 and 5681808?
136
What is the greatest common divisor of 84 and 74718?
42
What is the highest common divisor of 10375 and 7885?
415
Calculate the greatest common divisor of 1 and 203425.
1
What is the greatest common divisor of 6992700 and 5868?
1956
Calculate the highest common factor of 149078 and 524.
262
Calculate the greatest common divisor of 398475 and 35.
35
Calculate the highest common factor of 19665 and 230.
115
What is the highest common factor of 11850 and 2607?
237
What is the greatest common factor of 2482 and 3774?
34
What is the greatest common factor